se 0 = 2*h - 16 + 6. Let k(g) = 0 + 1 - h*g**3 - g**3. What is k(t)?
-5
Suppose -p + 3*p + 4 = 0. Let x(o) = o**2 + o. Let k be x(p). Let g(v) = -2*v + 7 - v - k - 6. What is g(-1)?
2
Suppose -5*m = -2*k - 6, 7 = m - 4*k - 5. Let b(w) = w**3 + w**2 + w - 6. Calculate b(m).
-6
Let a(g) = -g**2 + 10*g - 9. Let q be -24*(23/(-4) + 3). Let l = q - 41. Let j = -17 + l. Calculate a(j).
7
Let t(o) = -11*o - 2. Let n(c) = 6*c + 1. Let l(j) = -5*n(j) - 2*t(j). Determine l(2).
-17
Let m = 104 - 104. Suppose -4*j - 3*y + 1 = 0, 2*y - y + 1 = m. Let p(a) = 8*a**3 - 2*a**2 + 1. Calculate p(j).
7
Let t(v) = -7*v + 6*v**2 + 0*v + 2*v**2 - 7*v**2 + 9. Suppose 5*i = 26 + 9. Determine t(i).
9
Suppose 14*a + 19 = -9. Let s = 0 + 3. Let q(w) = -2*w - s + w**3 + 3*w**2 + 2*w + 1. Determine q(a).
2
Let m(v) = -3*v. Let f(s) = -12*s - 20. Let y be f(-5). Let w = -80 - -44. Let a be w/10 - 16/y. What is m(a)?
12
Let i(n) = n + 4. Let y(q) = 4*q - 6. Suppose x = -k + 4, 3*k - 17 = 2*x - 0. Let s be y(k). Let p be (3 + s/(-4))*10. What is i(p)?
-1
Let y(r) = -3*r**2 - 2*r + 1. Suppose -30 = -7*k + 2*k. Let f = 4 - k. Let p be (3/f)/(3/(-2)). Calculate y(p).
-4
Let s(z) = 195*z**2 - 82*z**2 - 36*z - 117*z**2. Determine s(-9).
0
Let o(g) = -g**2 + 2*g + 5. Suppose 0 = -r - 4*p - 18, 3 + 3 = -2*r - 2*p. Suppose -12 = 4*b, -r*l - 2*b = -l + 15. Let j be (-10)/(l/(-3) - 5). What is o(j)?
-10
Suppose 4*a - 8 = g, a + 2*g - 4 = -a. Let n(i) = -5 + 7 - 9 - a*i. Let k(c) = c. Let d(m) = 4*k(m) + n(m). Give d(5).
3
Let j(h) be the second derivative of -11*h + 0 - 2/3*h**3 + 3/2*h**2. Let q(m) = m**3 + 8*m**2 - m - 6. Let z be q(-8). What is j(z)?
-5
Let y(w) be the second derivative of -5*w**3/6 + 17*w**2/2 + 253*w. Calculate y(5).
-8
Let h be -25*2*3/(-6). Suppose 3*d + h = 10. Let v(m) = -m**3 - 4*m**2 + 5*m - 3. Give v(d).
-3
Let a(x) = -3*x**2 + 2 - 3 + 16*x**2 - 2*x. Let g(f) = f**3 + 4*f**2 - 4*f + 10. Let j be g(-5). Suppose -2*z + 6*z = 2*c + 2, 4 = j*z - 3*c. What is a(z)?
14
Let j(s) = -3*s + 7. Let b(k) = -k. Let d(m) = -6*b(m) + j(m). Give d(-5).
-8
Suppose 0 = -2*d + 7*d. Suppose 4*l + f - 2*f - 63 = 0, d = -3*l - f + 42. Let c be (24/l)/((-6)/(-15)). Let j(x) = -x**3 + 4*x**2 + 2*x - 2. Calculate j(c).
6
Let t(v) = 2*v - 2. Let j(z) = -z + 1. Suppose -u = -4*u - 3. Let s be u/3*(3 + 0). Let y be j(s). Determine t(y).
2
Let a(q) be the second derivative of -q**4/12 + 29*q**3/6 - 15*q**2 - q + 305. Calculate a(28).
-2
Suppose -61*c - 57 = -80*c. Let f(h) = 4 - h**2 - h**3 + 3*h + 0*h**2 + 4*h**2 - h**2. Give f(c).
4
Let f(g) = -5*g + 6. Let p(x) = x - 2. Let o(k) = f(k) + 4*p(k). Determine o(-5).
3
Let o be 88/5 - 12/(-30). Let j = -15 + o. Let u be (-1 + 5 - 3)*j. Let p(b) = b**2 - 3*b + 4. Give p(u).
4
Let v(o) be the first derivative of o**5/60 + o**4/6 + 5*o**3/6 + 13*o**2/2 + 13. Let w(s) be the second derivative of v(s). Give w(-4).
5
Let h(o) = 42*o - 6. Let j(l) = -29*l + 6. Let s(r) = -2*h(r) - 3*j(r). Determine s(10).
24
Let n(w) = w**3 - 7*w**2 + 8*w - 9. Let g(m) = 2*m**2 - 3*m - 3. Suppose 3*t - 15 = 3*h, 0 = -t + 4*t - 5*h - 19. Let o be g(t). Determine n(o).
3
Let y be -4 + 17/(8 - (3 - -2)). Let b(p) be the first derivative of -8 + p - y*p**3 + p**2. Give b(-1).
-6
Let r = 64 - 60. Let n(m) = -4*m - 2*m**2 + 3*m**2 - 7 + 2. Let x be n(r). Let q(j) = j**2 + 3*j + 2. Determine q(x).
12
Let x(j) be the first derivative of -j**4/4 - 2*j**3 + 2*j - 4. Let p be x(-6). Let y(m) = 15*m - 6 + m**3 - m**p - 4*m**2 - 10*m. Give y(4).
-2
Let u = -4/133 - -713/1596. Let t(l) be the third derivative of 0 + u*l**4 + 3*l**2 + 0*l + 0*l**3. Give t(2).
20
Let q = -45 + 47. Suppose -3*x + 2*u = u + 8, -4*u = q*x + 10. Let c(g) = -2*g**2 - 2 - 2*g**2 + 0*g**2 - 5*g - g**3. Determine c(x).
4
Let i(j) = -j**3 - 3*j**2 - 2*j - 1. Let y be -1 + 1 + (-16)/(-4). Suppose -y*b + 30 = 6. Suppose 0 = r - 3*a - 10, -3*r + b*a + 14 = a. Determine i(r).
-1
Let d(a) = 19*a - a**2 + 1 - 39*a + 25*a. Determine d(6).
-5
Suppose 5 + 0 = f. Let v(g) = -21*g - 8. Let b(p) = 19*p + 7. Let z(j) = f*v(j) + 6*b(j). Determine z(2).
20
Let n = 2016 - 2024. Let t(q) = 2*q + 5. What is t(n)?
-11
Let g = -212 - -212. Let a(s) = s**3 - s**2 + s + 12. What is a(g)?
12
Let i(c) = -10*c**2 + 4 + 11*c**2 + 8*c**2 - 10*c**2 + c**3 - 3*c. Give i(2).
2
Suppose 2*o + 2*o + 28 = 0. Let a(n) = 7048 + 4*n - 7051 - 6*n. Calculate a(o).
11
Let x(z) be the first derivative of -z**2 + 4/3*z**3 - 9*z + 1/4*z**4 + 5. Let i be x(-4). Let v(y) = -9*y**3 - y**2 - y - 1. Calculate v(i).
8
Suppose -3*w = -4*t - 24 - 71, -5*t = 4*w - 168. Suppose -w*n = -39*n - 2. Let a(h) = -9*h**2 - 2*h - 1. Give a(n).
-8
Suppose f - 4*b = 2*f + 21, 4*f + 16 = b. Let k(n) = -9*n**3 + 1 + 4*n**3 - 3*n + 6 + 6*n**3 + 4*n**2. What is k(f)?
-3
Suppose -2*y = 5 + 7. Suppose -12 = -4*f + 3*f + 4*l, 3*l = 3*f - 36. Let r = y + f. Let v(p) = p - 3. Calculate v(r).
3
Let v(y) = 3*y - 3. Let j be (9 + -8)/(2/(-54)). Let w = j - -30. Calculate v(w).
6
Let n(j) be the third derivative of -j**6/720 + j**5/60 - j**4/4 + 2*j**2. Let b(y) be the second derivative of n(y). What is b(4)?
-2
Suppose -r = f, 19 - 7 = 3*r. Let t = f + 10. Let l(g) = 3*g - g - g + g**3 - 2 - 6*g**2. Determine l(t).
4
Let b(m) be the third derivative of m**4/6 + m**3/6 + 43*m**2. Give b(-2).
-7
Let h(m) = 18*m - 13*m + 3*m. Determine h(3).
24
Let w be ((-7)/(-2))/((-2)/4). Suppose 49*s - 10 = 54*s. Let g(m) = m**2 + 5*m + 3. Let t(p) = -p**2 - 3*p - 3. Let d(n) = s*t(n) - 3*g(n). Determine d(w).
11
Let t(r) = 3*r**3 - 5*r + 6. Let k(l) = -4*l**3 + l**2 + 6*l - 7. Let q(a) = -4*k(a) - 5*t(a). Let p = 281 + -277. Determine q(p).
2
Let q = -4 + 8. Let m(i) = i - 11 + 12 - 2*i + 2*i. Let x(s) = -s**2 + 7*s + 6. Let b(k) = 2*m(k) - x(k). Give b(q).
-8
Suppose -2*g + 11 = -6*g - o, -5*g + 2*o = 17. Let l(w) be the first derivative of 2*w**2 - 3 + 2/3*w**3 + 3*w. Determine l(g).
9
Let d be ((-999)/444)/((-3)/4). Let i(u) = u**3 - 4*u**2 + u - 1. Determine i(d).
-7
Suppose 0*q + q - 6 = 0. Suppose 0 = -g + 2*g + q. Let t(z) be the third derivative of -z**4/24 - z**3 + z**2. Determine t(g).
0
Let a(d) be the second derivative of 5*d**3/2 - d**2/2 + 30*d. Give a(1).
14
Let w(o) = -8 + 2 - 16987*o + 8484*o + 8494*o. Give w(2).
-24
Let j(m) = 3*m + 1. Let y(t) = -63*t**2 + 2*t - 1. Let d be y(-1). Let b = d - -67. Give j(b).
4
Let l be ((-6)/15)/(1/(-125)). Suppose l = f + 4*f. Suppose -s - 4*s = -f. Let c(n) = -4*n + 2. What is c(s)?
-6
Let r(y) = -y - 2. Let g(u) = -10*u + 18*u - 6*u. Let a(d) = 2*g(d) + 2*r(d). Determine a(4).
4
Let r(u) = 134*u**2 - 45*u**2 - 2*u + u**3 - 41*u**2 - 49*u**2 - 1. Give r(-2).
-9
Let z(l) = 3*l**2 - l - 1. Suppose -5*m + 2*k - 35 = -3*k, -19 = 2*m - 3*k. Determine z(m).
13
Let j(z) = -z**3 - z**2 - z. Let m(b) = 5*b**3 + b**2 + 4*b - 2. Let u = 127 + -126. Let d(v) = u*m(v) + 4*j(v). Give d(2).
-6
Let m(i) be the third derivative of 7*i**2 + 0 + 5/24*i**4 + i**3 - 1/120*i**6 - 1/20*i**5 + 0*i. What is m(-4)?
2
Let z(o) = -o + 14. Let s(c) = -3*c + 41. Let p(t) = 4*s(t) - 11*z(t). What is p(8)?
2
Let r be (-18)/(-81)*3 + (-32)/(-6). Let j(g) = -g**2 + 7*g - 3. Give j(r).
3
Let m(l) be the third derivative of 11*l**4/24 - l**3/3 - 187*l**2. Calculate m(2).
20
Let s(a) = a**3 - 16*a**2 - 17*a - 6. Let h(x) = 3*x**3 - 17*x**2 - 5*x + 11. Let m be h(6). Give s(m).
-6
Suppose 0*j + 2*j = 2. Let v(d) = 14*d - 2 - j - 1 - 16*d. Calculate v(-4).
4
Let i(n) = -18*n**2 + 1 + n + 4 - 5. Let c = 1178 + -1179. What is i(c)?
-19
Let u(p) be the third derivative of -p**6/120 - p**5/15 + p**4/8 + p**3/2 - p**2. Let b(s) = -15*s - 26. Let o be b(-3). Suppose -l = -o + 24. Give u(l).
13
Let w(i) = -i + 14. Let c be w(14). Suppose c = -3*f - 2*b + 4, -3*f - 5*b = -4 + 3. Let l(z) = -2*z**2 + 2*z + 1. Give l(f).
-3
Let l(c) = 6*c + 0*c + c - 3 - 5*c. Calculate l(8).
13
Let d(l) be the first derivative of -l**4/4 - 5*l**3/3 - 3*l**2/2 - 5*l - 28. Let q be (6/(-4))/(24/64). What is d(q)?
-9
Let m(f) be the first derivative of -f**2/2 - 4*f - 14. Let y = -31 + 39. Give m(y).
-12
Let u(l) be the first derivative of 4*l - 1/2*l**2 - 4. Determine u(-3).
7
Let f(k) be the third derivative of -k**6/60 - k**5/60 + k**4/8 - k**3/3 - 83*k**2 - k. Determine f(1).
-2
Let x(f) = 5*f**